{"id":14935,"date":"2013-05-26T16:52:21","date_gmt":"2013-05-26T19:52:21","guid":{"rendered":"http:\/\/www.hipismoeco.com.br\/blog\/?page_id=14935"},"modified":"2013-05-26T16:56:18","modified_gmt":"2013-05-26T19:56:18","slug":"regulamento-concursos-instagram","status":"publish","type":"page","link":"http:\/\/www.hipismoeco.com.br\/blog\/regulamento-concursos-instagram\/","title":{"rendered":"Concursos Instagram"},"content":{"rendered":"<p>REGULAMENTO<\/p>\n<p>CONCURSOS DE FOTOS NO INSTAGRAM HIPISMO&amp;CO<\/p>\n<p><strong>1.<\/strong>\u00a0Os concursos cultural\u00a0\u201c#hipismoeco &#8211; Fotografia equestre\u201d, doravante denominados simplesmente de \u201cConcurso Hipismo&amp;Co\u201d, ser\u00e1 realizado exclusivamente em ambiente da Internet, pelo <strong>Hipismo&amp;Co<\/strong> e empresas patrocinadoras que s\u00e3o respons\u00e1veis pelos pr\u00eamios oferecidos aos vencedores.<\/p>\n<p><strong>2.<\/strong>\u00a0Os Concursos consistem em escolher a fotografia que melhor se adeque ao tema \u201cEquestre\u201d na ferramenta Instagram, de acordo com os crit\u00e9rios aqui estabelecidos, utilizando a hashtag #hipismoeco, al\u00e9m de premiar 1 ganhador, nos termos deste Regulamento.<\/p>\n<p><strong>3.<\/strong>\u00a0<strong>OS CONCURSOS HIPISMO&amp;CO N\u00c3O S\u00c3O DE FORMA ALGUMA, PATROCINADO, ENDOSSADOS, ADMINISTRADOS OU ASSOCIADOS AO INSTAGRAM. AO PARTICIPAR DESSES CONCURSOS, VOC\u00ca ESTAR\u00c1 FORNECENDO SUAS INFORMA\u00c7\u00d5ES \u00c0 EMPRESA PROMOTORA E N\u00c3O AO INSTAGRAM. TODAS AS INFORMA\u00c7\u00d5ES FORNECIDAS SER\u00c3O USADAS UNICAMENTE PARA A PARTICIPA\u00c7\u00c3O NESTES CONCURSOS.<\/strong><\/p>\n<p><strong>4<\/strong>.\u00a0O per\u00edodo de participa\u00e7\u00e3o dos Concursos s\u00e3o divulgados no Instagram do Hipismo&amp;Co.<\/p>\n<p>Participa\u00e7\u00e3o<\/p>\n<p><strong>5.<\/strong>\u00a0Poder\u00e3o participar dos Concursos todas as pessoas f\u00edsicas, residentes e domiciliadas no Brasil, que possuam perfil v\u00e1lido no Instagram (<a href=\"http:\/\/www.facebook.com\/l.php?u=http%3A%2F%2Fwww.instagram.com&amp;h=oAQEbXWjX&amp;s=1\" target=\"_blank\" rel=\"nofollow\">www.instagram.com<\/a>).<\/p>\n<p><strong>6.<\/strong>\u00a0Excluem-se da participa\u00e7\u00e3o as pessoas jur\u00eddicas, s\u00f3cios e empregados do Hipismo&amp;Co e das empresas patrocinadoras, bem como das demais empresas envolvidas na realiza\u00e7\u00e3o destes Concursos.<\/p>\n<p><strong>7.<\/strong>\u00a0A participa\u00e7\u00e3o nos Concursos Hipismo&amp;Co \u00e9 volunt\u00e1ria e gratuita, n\u00e3o estando condicionada, em hip\u00f3tese alguma, \u00e0 aquisi\u00e7\u00e3o de qualquer produto, bem ou servi\u00e7o e, a apura\u00e7\u00e3o do seu resultado n\u00e3o implica em qualquer tipo de sorteio, vale-brinde ou opera\u00e7\u00e3o assemelhada, independendo de qualquer modalidade de sorte, n\u00e3o estando sujeita, portanto, \u00e0 autoriza\u00e7\u00e3o pr\u00e9via, conforme estabelecido na Lei n\u00ba 5.768\/71, regulamentada pelo Decreto n\u00ba 70.951\/72 e pela Portaria n\u00ba 41\/08.<\/p>\n<p><strong>8<\/strong>. O acesso a Internet \u00e9 necess\u00e1rio para a participa\u00e7\u00e3o nos Concursos e sua qualidade pode variar de acordo com a modalidade e tipo de conex\u00e3o, do aparelho utilizado para o acesso e da disponibilidade moment\u00e2nea da rede e\/ou do site.<\/p>\n<p>Cadastro<\/p>\n<p><strong>9.<\/strong>\u00a0 Para participar do Concurso, o participante dever\u00e1:<\/p>\n<p>a) ter um perfil v\u00e1lido e aut\u00eantico na rede social INSTAGRAM;<\/p>\n<p>b) seguir o perfil Hipismo&amp;Co no Instagram @hipismoeco;<\/p>\n<p>c) estar ciente e de acordo com todas as regras do presente Regulamento.<\/p>\n<p><strong>10<\/strong>. Todas as informa\u00e7\u00f5es pessoais fornecidas est\u00e3o sujeitas a medidas de seguran\u00e7a para impedir o acesso, uso ou divulga\u00e7\u00e3o n\u00e3o-autorizados, e ser\u00e3o utilizadas t\u00e3o somente para os fins deste Concurso.<\/p>\n<p>Como Participar<\/p>\n<p><strong>11.<\/strong>\u00a0O usu\u00e1rio poder\u00e1 escolher participar dos concursos da seguinte maneira: fazer o upload de uma foto sobre o tema \u201cEquestre\u201d\u00a0 no aplicativo Instagram.<\/p>\n<p><strong>12.\u00a0<\/strong>Utilizar a hashtag\u00a0#hipismoeco<\/p>\n<p><strong>13. O USO DA HASHTAG\u00a0<\/strong><strong><em>#hipismoeco <\/em><\/strong><strong>\u00c9 ESSENCIAL PARA A IDENTIFICA\u00c7\u00c3O E SELE\u00c7\u00c3O DAS FOTOS INSCRITAS, SENDO ITEM OBRIGAT\u00d3RIO PARA A PARTICIPA\u00c7\u00c3O DOS CONCURSOS. TODAS AS FOTOS QUE N\u00c3O CONTIVEREM A HASHTAG\u00a0<\/strong><strong><em>#ihipismoeco <\/em><\/strong><strong>N\u00c3O SER\u00c3O CONSIDERADAS PARA FINS DESTES CONCURSOS.<\/strong><\/p>\n<p><strong>14.\u00a0<\/strong>As fotos enviadas dever\u00e3o ser de autoria dos participantes, em conformidade com os termos deste regulamento, e enviadas dentro do per\u00edodo de participa\u00e7\u00e3o de cada\u00a0 Concurso. <strong><\/strong><\/p>\n<p><strong>15.<\/strong>\u00a0N\u00e3o ser\u00e3o aceitas fotos enviadas por quaisquer outros meios, incluindo, mas n\u00e3o se limitando, a emails, cartas, mensagens no Instagram, publica\u00e7\u00f5es no mural do Instagram, SMS ou telegramas, restando claro, portanto, que s\u00f3 ser\u00e3o aceitas fotos enviadas atrav\u00e9s do Aplicativo Instagram.<\/p>\n<p><strong>16.<\/strong> O Hipismo&amp;Co reserva-se o direito de n\u00e3o aceitar a inscri\u00e7\u00e3o de qualquer foto que atente aos termos discriminados neste regulamento.<\/p>\n<p><strong>17.<\/strong>\u00a0Ao t\u00e9rmino dos Concursos, uma Comiss\u00e3o Julgadora, formada por representantes do Hipismo&amp;Co e das empresas patrocinadoras, empregados ou contratados, com reconhecida capacidade e idoneidade para realizar este tipo de trabalho, far\u00e1 uma avalia\u00e7\u00e3o pr\u00e9via a fim de eliminar as fotos que n\u00e3o estiverem de acordo com os termos deste Regulamento.<\/p>\n<p><strong>18.<\/strong>\u00a0Em at\u00e9 5 (cinco) dias ap\u00f3s o encerramento do per\u00edodo de participa\u00e7\u00e3o, a Comiss\u00e3o Julgadora, juntamente com os representantes das empresas patrocinadoras, selecionar\u00e1 o vencedor, nos termos do item 2.<\/p>\n<p><strong>19.<\/strong>\u00a0A escolha do ganhador, realizada pela Comiss\u00e3o Julgadora, dar-se-\u00e1 atrav\u00e9s dos crit\u00e9rios de\u00a0<strong>(i)<\/strong>originalidade;\u00a0<strong>(ii)\u00a0<\/strong>criatividade; e<strong>\u00a0(iii)\u00a0<\/strong>adequa\u00e7\u00e3o ao tema proposto, sendo certo que esta ter\u00e1 livre arb\u00edtrio para selecion\u00e1-lo, de acordo com o seu julgamento.<\/p>\n<p><strong>20.<\/strong>\u00a0Todas as decis\u00f5es da Comiss\u00e3o Julgadora nestes Concursos s\u00e3o soberanas e irrecorr\u00edveis.<\/p>\n<p><strong>21.<\/strong>\u00a0Os nomes dos vencedores ser\u00e3o publicado nas URLs<\/p>\n<p><a href=\"http:\/\/www.hipismoeco.com\/blog\" target=\"_blank\">http:\/\/www.hipismoeco.com\/blog<\/a><\/p>\n<p><a href=\"http:\/\/www.Instagram.com\/hipismoeco\" target=\"_blank\">http:\/\/www.Instagram.com\/hipismoeco<\/a><\/p>\n<p>Premia\u00e7\u00e3o<\/p>\n<p><strong>22.<\/strong>\u00a0O ganhador ser\u00e1 contemplado com pr\u00eamios oferecidos pelas empresas patrocinadoras, esses pr\u00eamios s\u00e3o divulgados no Instagram do Hipismo&amp;Co @hipismoeco no in\u00edcio de cada concurso.<\/p>\n<p><strong>23.<\/strong>\u00a0Os vencedores divulgados nos termos deste Regulamento dever\u00e3o entrar em contato com o Hipismo&amp;Co atrav\u00e9s do email\u00a0contato@hipismoeco.com, em at\u00e9 5 (cinco)\u00a0dias, contados da data da divulga\u00e7\u00e3o dos ganhadores. N\u00e3o havendo \u00eaxito na comunica\u00e7\u00e3o e n\u00e3o tendo o ganhador entrado em contato\u00a0 no prazo de 5 (cinco)\u00a0dias, a partir da divulga\u00e7\u00e3o do resultado no Instagram e no blog Hipismo&amp;Co, o participante n\u00e3o receber\u00e1 o pr\u00eamio.<\/p>\n<p><strong>24.<\/strong> O Hipismo&amp;Co poder\u00e1, ainda, solicitar ao premiado que comprove, documentalmente, a veracidade das informa\u00e7\u00f5es prestadas, no prazo de\u00a02 (dias)\u00a0dias, a partir da data do contato. Caso n\u00e3o haja qualquer resposta nesse prazo, o participante ser\u00e1 desclassificado, sendo, igualmente, o pr\u00eamio transferido para o pr\u00f3ximo colocado dentro das condi\u00e7\u00f5es v\u00e1lidas.<\/p>\n<p><strong><\/strong> <strong>25.<\/strong>\u00a0Os pr\u00eamios s\u00e3o individuais e intransfer\u00edveis, bem como n\u00e3o poder\u00e3o, em hip\u00f3tese alguma, serem convertidos em dinheiro, nem tampouco trocados por outros produtos ou servi\u00e7os.<\/p>\n<p>Desclassifica\u00e7\u00e3o<\/p>\n<p><strong>26.<\/strong>\u00a0O participante ser\u00e1 desclassificado dos Concursos,\u00a0<strong>a qualquer momento<\/strong>, em caso de fraude comprovada, participa\u00e7\u00e3o atrav\u00e9s da obten\u00e7\u00e3o de benef\u00edcio\/vantagem de forma il\u00edcita ou pelo n\u00e3o cumprimento de quaisquer das condi\u00e7\u00f5es deste regulamento, incluindo, mas n\u00e3o se limitando, aos seguintes casos:<\/p>\n<p>\u00a7\u00a0\u00a0Participantes impedidos de participar;<\/p>\n<p>\u00a7\u00a0\u00a0Participantes selecionados que n\u00e3o comprovarem os seus dados cadastrais;<\/p>\n<p>\u00a7\u00a0\u00a0Participantes que utilizarem sistemas, softwares e outras ferramentas ou m\u00e9todos autom\u00e1ticos, repetitivos ou programados, para criar condi\u00e7\u00f5es de cadastramento, navega\u00e7\u00e3o e participa\u00e7\u00e3o irregulares, desleais ou que atentem contra os objetivos deste Concurso; e\/ou<\/p>\n<p>\u00a7\u00a0\u00a0Participa\u00e7\u00e3o, cujo conte\u00fado da foto enviada seja considerado fora dos limites previstos nos itens 30 a 31 deste regulamento.<\/p>\n<p><strong>27.<\/strong>\u00a0A Comiss\u00e3o Julgadora dos Concursos poder\u00e1, ainda, a seu exclusivo crit\u00e9rio, suspender ou excluir o participante no caso de suspeita ou ind\u00edcios de que ele tenha se valido de pr\u00e1ticas irregulares, desleais ou que atentem contra os objetivos culturais deste concurso.<\/p>\n<p><strong>28.<\/strong>\u00a0Caso haja desclassifica\u00e7\u00e3o, em qualquer momento dos Concursos, a coloca\u00e7\u00e3o que caberia ao participante desclassificado ser\u00e1 transferida para o pr\u00f3ximo colocado dentro das condi\u00e7\u00f5es v\u00e1lidas de participa\u00e7\u00e3o.<\/p>\n<p>Limita\u00e7\u00e3o de Conte\u00fado<\/p>\n<p><strong>29.<\/strong>\u00a0A foto oferecida\u00a0<strong>dever\u00e1 ser de autoria do participante<\/strong>,\u00a0podendo ter sido publicada anteriormente, mas n\u00e3o ter sido objeto de premia\u00e7\u00e3o em outros concursos e\/ou de direito de terceiro(s). Havendo imagem de terceiros retratada na foto, o participante se obrigada a obter a devida autoriza\u00e7\u00e3o da pessoa retratada. O participante dever\u00e1 estar ciente que responder\u00e1 judicialmente por todo e qualquer dano causado pela pr\u00e1tica destes atos, sem preju\u00edzo de a\u00e7\u00e3o de regresso a ser promovida pelas Empresas Promotoras ou qualquer questionamento.<\/p>\n<p><strong>30.\u00a0<\/strong>As fotos apresentadas tamb\u00e9m\u00a0<strong>n\u00e3o<\/strong>\u00a0poder\u00e3o conter qualquer refer\u00eancia e\/ou elogio \u00e0s empresas patrocinadoras ou a quaisquer das suas marcas e produtos ou de outras empresas, bem como n\u00e3o poder\u00e3o conter imagens elogiosas, indecorosas, preconceituosas, desrespeitosas, discriminat\u00f3rias, injuriosas, caluniosas, difamat\u00f3rias e\/ou que de qualquer forma atentarem contra a dignidade, a imagem, a reputa\u00e7\u00e3o, a honra, a moral, a integralidade ou qualquer outro direito de qualquer pessoa, nacionalidade, etnia, pol\u00edtica ou religi\u00e3o, bem como que atentem contra a ordem p\u00fablica, os bons costumes e\/ou qualquer norma jur\u00eddica vigente e\/ou que constituam qualquer esp\u00e9cie de pl\u00e1gio, sob pena de desclassifica\u00e7\u00e3o.<\/p>\n<p><strong>31. TAMB\u00c9M N\u00c3O SER\u00c3O ACEITAS FOTOS QUE CONTENHAM CONOTA\u00c7\u00c3O SEXUAL, DE IMPRUD\u00caNCIA, E QUE FA\u00c7AM APOLOGIA \u00c0 VIOL\u00caNCIA, INCLUSIVE CONTRA MENORES DE IDADE E ANIMAIS, \u00c0S DROGAS E A QUALQUER TIPO DE BEBIDA ALCO\u00d3LICA E\/OU QUE INFRINJAM OU UTILIZEM, INDEVIDAMENTE, QUAISQUER DIREITOS AUTORAIS E DE PROPRIEDADE INTELECTUAL.<\/strong><\/p>\n<p><strong>32.\u00a0<\/strong>As fotos cadastradas nestes Concursos n\u00e3o sofrer\u00e3o nenhuma edi\u00e7\u00e3o\/altera\u00e7\u00e3o em sua ess\u00eancia por parte da Comiss\u00e3o Julgadora que os avaliar\u00e1.<\/p>\n<p>Cess\u00e3o de Direitos<\/p>\n<p><strong>33. OS AUTORES DAS FOTOS INSCRITAS E\/OU VENCEDORA EXPRESSAM A SUA VOLUNT\u00c1RIA E GRATUITA PARTICIPA\u00c7\u00c3O E CONCORDAM EM AUTORIZAR O USO DE SUAS FOTOS, SUA IMAGEM E DE SEUS NOMES NO SIT<\/strong><strong>E E\u00a0 EM OUTROS MEIOS DE DIVULGA\u00c7\u00c3O DESTE CONCURSO E DE SEU RESULTADO, COMO: TV, JORNAL, REVISTA, M\u00cdDIA EXTERIOR ENTRE OUTROS, SEM NENHUM \u00d4NUS PARA AS EMPRESAS PROMOTORAS E EM CAR\u00c1TER DEFINITIVO,\u00a0PELO PRAZO DE 1 (UM) ANO, CONTADOS DO T\u00c9RMINO DO CONCURSO,\u00a0N\u00c3O SIGNIFICANDO, IMPLICANDO OU RESULTANDO EM QUALQUER OBRIGA\u00c7\u00c3O DE DIVULGA\u00c7\u00c3O, NEM DE PAGAMENTO, BEM COMO ATESTAM TER OBTIDO TODAS AS AUTORIZA\u00c7\u00d5ES PORVENTURA NECESS\u00c1RIAS, RELATIVAS \u00c0S FOTOS ENVIADAS, INCLUSIVE EM RELA\u00c7\u00c3O A TERCEIROS NELA RETRATADOS.\u00a0<\/strong>Em caso de utiliza\u00e7\u00e3o o material respeitar\u00e1 o contexto do concurso e dar\u00e1 os devidos cr\u00e9ditos aos participantes.<\/p>\n<p><strong>34. PELO PER\u00cdODO DE 1 (UM) ANO, FICAM OS PARTICIPANTES, INCLUSIVE O VENCEDOR, CIENTES QUE CEDEM,\u00a0EM CAR\u00c1TER IRREVOG\u00c1VEL E IRRETRAT\u00c1VEL, O USO GRATUITO E LIVRE DE QUALQUER \u00d4NUS OU ENCARGO,\u00a0COM A PARTICIPA\u00c7\u00c3O NESTE CONCURSO, \u00c0S EMPRESAS PROMOTORAS, OS DIREITOS AUTORAIS QUE POSSUEM SOBRE AS FOTOS ELABORADAS E ENCAMINHADAS, PARA QUALQUER TIPO DE UTILIZA\u00c7\u00c3O, PUBLICA\u00c7\u00c3O, REPRODU\u00c7\u00c3O POR QUALQUER MEIO OU T\u00c9CNICA, ESPECIALMENTE NA DIVULGA\u00c7\u00c3O DO RESULTADO DOS CONCURSOS, NOS TERMOS DO ARTIGO 29 DA LEI 9.610\/98 (LEI DE DIREITOS AUTORAIS). EM CASO DE UTILIZA\u00c7\u00c3O O MATERIAL RESPEITAR\u00c1 O CONTEXTO DO CONCURSO E DAR\u00c1 OS DEVIDOS CR\u00c9DITOS AOS PARTICIPANTES<\/strong><\/p>\n<p><strong>35.\u00a0<\/strong>Os participantes assumem, com a participa\u00e7\u00e3o neste Concurso, sua plena e exclusiva responsabilidade, para com a foto enviada, com rela\u00e7\u00e3o \u00e0 sua titularidade, originalidade e por sua imagem, sem limita\u00e7\u00e3o, e responsabilidade por eventuais viola\u00e7\u00f5es \u00e0 intimidade, privacidade, honra e imagem de qualquer pessoa, a deveres de segredo, \u00e0 propriedade industrial, direito autoral e\/ou a quaisquer outros bens juridicamente protegidos, eximindo o Hipismo&amp;Co e as empresas patrocinadoras de qualquer responsabilidade relativamente a tais fatos, aspectos, direitos e\/ou situa\u00e7\u00f5es.<\/p>\n<p><strong>36.\u00a0<\/strong>Havendo alega\u00e7\u00e3o de autoria por parte de terceiros com rela\u00e7\u00e3o a qualquer foto encaminhada pelos participantes dos Concursos, a participa\u00e7\u00e3o deste usu\u00e1rio ser\u00e1 temporariamente suspensa, para que se apure o fato, sendo o participante comunicado a respeito do ocorrido e, se comprovado, desclassificado dos Concursos.<\/p>\n<p>Limita\u00e7\u00e3o de Responsabilidade<\/p>\n<p><strong>37.<\/strong> O Hipismo&amp;Co e as\u00a0empresas patrocinadoras n\u00e3o se responsabilizam, em qualquer hip\u00f3tese, por todos e quaisquer danos, materiais ou morais, que tenham sido ocasionados por &#8220;caso fortuito e\/ou for\u00e7a maior&#8221;, ou seja, que n\u00e3o tenha ocorrido pela a\u00e7\u00e3o direta ou indireta das Empresas Promotoras, n\u00e3o sendo, nesse caso, portanto, devido aos participantes qualquer direito a indeniza\u00e7\u00e3o.<\/p>\n<p><strong><\/strong> <strong>38.<\/strong>\u00a0O Hipismo&amp;Co e as\u00a0empresas patrocinadoras tamb\u00e9m n\u00e3o se responsabilizam por quaisquer dificuldades de visualiza\u00e7\u00e3o da p\u00e1gina do Instagram que sejam decorrentes de problemas\/falhas alheias ao seu sistema de participa\u00e7\u00e3o.<\/p>\n<p><strong>39<\/strong>. Tendo em vista que os pr\u00eamios s\u00e3o fornecidos por empresas diversas do Hipismo&amp;Co, estas n\u00e3o se responsabilizam por qualquer dano ou preju\u00edzo oriundo dos pr\u00eamios, como v\u00edcios ou defeitos, devendo o contemplado comunicar diretamente aquele fornecedor, eximindo o Hipismo&amp;Co de qualquer evento ocorrido ap\u00f3s a entrega e aceita\u00e7\u00e3o do pr\u00eamio.<\/p>\n<p>Considera\u00e7\u00f5es Gerais<\/p>\n<p><strong>40.<\/strong>\u00a0As d\u00favidas e situa\u00e7\u00f5es n\u00e3o previstas neste Regulamento ser\u00e3o dirimidas pelo Hipismo&amp;Co..<\/p>\n<p><strong>41.<\/strong> O Hipismo&amp;Co se reserva o direito de alterar os termos deste Regulamento, informando previamente os participantes dos Concursos e sempre buscando assegurar sua legalidade sem preju\u00edzo de seus participantes.<\/p>\n<p><strong>42.<\/strong>\u00a0Em caso de suspens\u00e3o do Concurso por problemas de acesso \u00e0 rede de internet, interven\u00e7\u00e3o de hackers, v\u00edrus, falha de software e hardware, queda de energia, ou em decorr\u00eancia de casos fortuitos ou de for\u00e7a maior ou por qualquer problema do qual o Hipismo&amp;Co n\u00e3o tenha controle, n\u00e3o ser\u00e1 devida qualquer indeniza\u00e7\u00e3o aos participantes, sendo certo que t\u00e3o logo a situa\u00e7\u00e3o seja normalizada, o Concurso ter\u00e1 prosseguimento.<\/p>\n<p><strong>43.<\/strong>\u00a0Ficam cientes, desde j\u00e1, os participantes, que responder\u00e3o judicialmente por todo e qualquer dano causado pela pr\u00e1tica de atos il\u00edcitos, sem preju\u00edzo do direito de regresso pelo Hipismo&amp;Co, no que for cab\u00edvel.<\/p>\n<p><strong>44.<\/strong>\u00a0A simples participa\u00e7\u00e3o nos Concursos implica na aceita\u00e7\u00e3o total e irrestrita de todas as cl\u00e1usulas de seu regulamento.<\/p>\n","protected":false},"excerpt":{"rendered":"<p>REGULAMENTO CONCURSOS DE FOTOS NO INSTAGRAM HIPISMO&amp;CO 1.\u00a0Os concursos cultural\u00a0\u201c#hipismoeco &#8211; Fotografia equestre\u201d, doravante denominados simplesmente de \u201cConcurso Hipismo&amp;Co\u201d, ser\u00e1 realizado exclusivamente em ambiente da Internet, pelo Hipismo&amp;Co e empresas patrocinadoras que s\u00e3o respons\u00e1veis pelos pr\u00eamios oferecidos aos vencedores. 2.\u00a0Os Concursos consistem em escolher a fotografia que melhor se adeque ao tema \u201cEquestre\u201d na ferramenta&#8230;<\/p>\n","protected":false},"author":1,"featured_media":0,"parent":0,"menu_order":0,"comment_status":"open","ping_status":"open","template":"","meta":{"jetpack_post_was_ever_published":false,"footnotes":""},"jetpack_shortlink":"https:\/\/wp.me\/P2OUwu-3ST","jetpack_sharing_enabled":true,"_links":{"self":[{"href":"http:\/\/www.hipismoeco.com.br\/blog\/wp-json\/wp\/v2\/pages\/14935"}],"collection":[{"href":"http:\/\/www.hipismoeco.com.br\/blog\/wp-json\/wp\/v2\/pages"}],"about":[{"href":"http:\/\/www.hipismoeco.com.br\/blog\/wp-json\/wp\/v2\/types\/page"}],"author":[{"embeddable":true,"href":"http:\/\/www.hipismoeco.com.br\/blog\/wp-json\/wp\/v2\/users\/1"}],"replies":[{"embeddable":true,"href":"http:\/\/www.hipismoeco.com.br\/blog\/wp-json\/wp\/v2\/comments?post=14935"}],"version-history":[{"count":8,"href":"http:\/\/www.hipismoeco.com.br\/blog\/wp-json\/wp\/v2\/pages\/14935\/revisions"}],"predecessor-version":[{"id":16685,"href":"http:\/\/www.hipismoeco.com.br\/blog\/wp-json\/wp\/v2\/pages\/14935\/revisions\/16685"}],"wp:attachment":[{"href":"http:\/\/www.hipismoeco.com.br\/blog\/wp-json\/wp\/v2\/media?parent=14935"}],"curies":[{"name":"wp","href":"https:\/\/api.w.org\/{rel}","templated":true}]}}